x - 3. Let c be f(6). Let z be 4/(-6) - 42/c. What is the highest common divisor of z and d?
1
Suppose 15*o - 3*o - 4032 = 0. What is the highest common divisor of 42 and o?
42
Let x be (-8)/(-36) + (-48)/(-27). Suppose 9 - 11 = -x*p. Let h be p/(((-15)/27)/(-5)). What is the greatest common divisor of 1 and h?
1
Suppose 0 = -0*p + 3*p - 5*g - 159, -g + 141 = 3*p. Calculate the highest common divisor of p and 3.
3
Let v be 1/(3 - -5*(-128)/214). Let s = 251 - v. Let j be 0 + 1 + (0 - -17). What is the highest common factor of j and s?
18
Suppose 13*b - 1970 = 396. What is the greatest common divisor of b and 14?
14
Suppose m - 7 = 15. Let i(p) = -19*p**3 - 2*p**2 + 3*p - 1. Let n be i(1). Let w = 74 + n. Calculate the greatest common factor of m and w.
11
Suppose 21*b = 122 + 382. Let k be ((-5)/10)/(2/(-384)). Let h = k - 60. Calculate the highest common factor of h and b.
12
Suppose -3*r + 2664 = -4*r + 37*r. Let i(v) = -57*v - 3. Let o be i(-2). Calculate the greatest common divisor of r and o.
37
Let f be -4 + (3 + -1 - 14). Let m = 26 - f. Calculate the greatest common divisor of m and 7.
7
Let x(t) = -t**2 + 25*t - 128. Let m be x(12). What is the greatest common divisor of m and 154?
14
Let a(p) = 4*p - 22. Suppose 13*b = 10*b - 6. Let l be b/9 + 404/36. Let j be a(l). Calculate the greatest common factor of 110 and j.
22
Suppose 99 = -14*a + 1163. What is the highest common divisor of 152 and a?
76
Suppose -z + 26 = 3*u - 6*z, 4*z = -4*u - 8. Let x be (26 - 16)/(1 - (3 - 1)). Let g = u - x. Calculate the highest common factor of g and 108.
12
Let g be (-2304)/(-33) - 3*(-4)/66. Calculate the highest common factor of 168 and g.
14
Let m(u) be the second derivative of -u**3/6 + 5*u**2 - 3*u. Let k be m(0). What is the greatest common factor of 4 and k?
2
Let h = -117 - -122. Let t be (95 - h)/(3/2). Let l = -22 + 34. What is the highest common factor of l and t?
12
Let l(a) = a**3 + 10*a**2 + 13*a + 12. Suppose 2*j = -0*j + 10, -2*j = -4*z + 22. Let k = z - 16. Let s be l(k). What is the greatest common factor of s and 9?
9
Let l = 176 - 48. Suppose -3 + l = 5*q. Let n = 317 + -42. What is the greatest common factor of q and n?
25
Suppose -5*x = -67 - 258. Suppose u + 5 = 2*u - o, 4*u - 15 = 3*o. Suppose -2*y = -u*y - 26. What is the greatest common factor of y and x?
13
Let d be ((-45)/2)/(102/(-5780)). Calculate the highest common factor of d and 75.
75
Let h = -22 - -33. Let a(v) = -4*v + 7*v - 5*v + v**3 + 11. Let q be a(0). What is the greatest common divisor of q and h?
11
Let l be (-60)/18*(-81)/3. Let v = -7 - -25. What is the greatest common divisor of l and v?
18
Let m be (2/2)/((-6)/36) + 414. Calculate the highest common divisor of 306 and m.
102
Suppose 0 = -0*w - 2*w + 10. Let a be 8 + 774/(-99) - (-20)/11. Calculate the greatest common divisor of a and w.
1
Suppose 16 + 8 = 2*h. Let q(r) = 4*r + 16. Suppose -7*z - 24 = -10*z. Let g be q(z). Calculate the highest common factor of h and g.
12
Suppose o - 12 = 4*o. Let w be (-8)/((-51)/12 - o). Suppose -40 = -6*y + w. Calculate the greatest common divisor of 60 and y.
12
Let q be 6 - (-4 + -26 + (-5 - -11)). What is the greatest common factor of 80 and q?
10
Let f(t) = t**3 - 12*t**2 + 2*t - 22. Let i(j) = 3*j + 33. Let r be i(-7). Let u be f(r). Calculate the highest common divisor of 3 and u.
1
Suppose 0 = -11*p - 3*p + 28. Suppose 13 = -p*j + 69. Suppose -5*i = -215 - 135. Calculate the highest common factor of j and i.
14
Suppose 2*c - 551 + 191 = 0. Suppose -3*u + 50 = 5*k, -11*k = -10*k + 4*u - 27. Suppose -k*o - 41 = -181. What is the highest common divisor of c and o?
20
Let f be 0 - (-3)/(9/57). Let s = -7 + f. Let x be (3 + -93)*6/(-5). Calculate the greatest common divisor of x and s.
12
Suppose 4*p = -3*u + 436, 13*u + 146 = 14*u + 2*p. Calculate the greatest common divisor of 18 and u.
18
Let c be 5*((-42)/(-15) - 2). Let n(k) = 4. Let w(y) = y - 15. Let f(x) = -9*n(x) - 2*w(x). Let j be f(-21). Calculate the greatest common factor of j and c.
4
Suppose 0 = -4*o - o. Let p be (-42)/(-7) + 2 + o. Let f be 5 + -3 - (1 + -11). Calculate the greatest common factor of p and f.
4
Let j = 51 + -10. Let t = 64 - j. Let c be (t/5 - 3)*15. Calculate the highest common divisor of c and 3.
3
Suppose 13*q = 17*q - 52. Calculate the greatest common factor of q and 117.
13
Let r = -151 - -146. Let l = r - -10. What is the highest common factor of l and 15?
5
Let b be ((-76)/(-8) + -10)/((-2)/328). Calculate the greatest common divisor of 123 and b.
41
Suppose -2*z - 140 = -16*z. Let x be 2*(1/4 - z/(-8)). Calculate the greatest common factor of x and 15.
3
Let g be (-1*7)/((-16)/32). Suppose 0 = 4*z - 8, -4*z - 78 = -3*f - g. Calculate the highest common factor of 16 and f.
8
Let l = 537 - 342. Calculate the highest common divisor of 234 and l.
39
Let h be (-18)/5*(-120)/9. Suppose -3*p + h = 4*s + p, -3*p = 0. Let y be 3/4 + 15/s. What is the highest common divisor of y and 2?
2
Let t = 66 - 43. Let m be (11 + -1)/(8/(-276)*-3). Calculate the highest common divisor of m and t.
23
Let n = -65 + 57. Let c = n - -80. What is the greatest common divisor of c and 36?
36
Let c be (-2 - (-33)/12)*(2 + 54). Calculate the greatest common factor of c and 63.
21
Let a(t) = 3*t**2 + 15*t - 6. Let n be a(-6). Let h be 44/7 + 16/(-56). Let s be 1386/49*28/h. What is the greatest common divisor of s and n?
12
Let c = -166 + 314. Let n = c + -106. Calculate the greatest common divisor of 28 and n.
14
Suppose -13*m + 2*k = -16*m + 98, k - 4 = 0. Calculate the greatest common factor of m and 70.
10
Suppose -j = s + 2, 2*j - s - 16 = 2*s. Let v = j + 1. Suppose v*w = w + 2*f + 80, 0 = 3*w - 5*f - 110. What is the highest common divisor of 9 and w?
9
Suppose 0*z = 2*z + 2*k + 164, 5*z + 410 = -k. Let g be z/(-5) - (-6)/(-15). Let s be (-1)/(1/(-80)) + 0. Calculate the greatest common factor of g and s.
16
Let z = 40 + -6. Let k = -100 + 185. Calculate the greatest common divisor of z and k.
17
Let l be 2/(-8) + 51/12. Let v(a) = a - 2. Let d be v(l). Suppose 30 = d*w - 82. What is the greatest common divisor of 8 and w?
8
Suppose -b = b - 4. Let n = -222 + 134. Let o be n/6*(-18)/12. Calculate the highest common factor of o and b.
2
Let a = 61 - -84. Suppose -6*q + 2*q - 38 = -o, -4*o = 2*q - 242. Calculate the greatest common divisor of o and a.
29
Let i = 308 + -301. Let p(g) = g**3 - 8*g**2 + 8*g - 8. Let s be p(8). Calculate the greatest common factor of i and s.
7
Suppose -87 - 45 = -4*s. Let v(w) = w**2 + 36*w + 310. Let h be v(-13). Calculate the highest common divisor of h and s.
11
Let g = -12 + -51. Let w = -33 - g. What is the greatest common factor of w and 10?
10
Let u(f) = f**3 + 41*f**2 - 41*f - 520. Let p be u(-39). Calculate the highest common factor of p and 13.
13
Suppose -4*o + 4*a = 0, 0 = -2*o - 0*a - 3*a. Suppose u + q - 448 = -3*u, o = -u + q + 112. What is the highest common divisor of 16 and u?
16
Let c be (4/(-14))/(3/(-21)). Suppose -5*g + 86 = -4. Calculate the highest common factor of g and c.
2
Let z(b) = -b**2 + 21*b - 36. Let o be z(19). Suppose -5*t + o*r + 28 + 12 = 0, 31 = t - 5*r. What is the greatest common divisor of t and 15?
3
Let j(d) = -34*d - 47. Let c be j(-2). Suppose -a = -2*y - 14, -4*a + 2*a = 3*y - 28. Calculate the greatest common factor of c and a.
7
Suppose -96*d = -104*d + 1440. Calculate the greatest common factor of d and 36.
36
Let x be (50/15)/((-20)/(-264)). Calculate the greatest common factor of 14 and x.
2
Let u = 111 - 245. Let i = 278 + u. Suppose -219*v + 217*v + 32 = 0. What is the greatest common factor of i and v?
16
Let c be (-5)/(15/(-53)) + (-2)/(-6). Let s be 122/18 + 3 + 4/c. What is the highest common divisor of 10 and s?
10
Let r(k) = -k**2 + 14*k + 39. Let g be r(16). Suppose 0 = n + g - 24. Calculate the greatest common factor of 51 and n.
17
Suppose 5*k + 5*b - 1790 = 0, 877 - 2301 = -4*k + 4*b. Suppose 4*u = -102 - 94. Let m = u + k. What is the greatest common factor of 28 and m?
28
Suppose 35*z = 47*z - 288. Suppose -2*b - 11 = -2*c + 5*c, 4*c - 12 = 0. Let y = b + z. Calculate the greatest common factor of y and 126.
14
Let w(h) = 17*h**2 + 10*h + 1. Let f be w(-3). Calculate the highest common divisor of 155 a